t g(v) = 2*v**3 + 29*v**2 - 14*v + 30. What is g(x)?
15
Suppose -53607 = -11*j + 126661. Let x(h) = h**3 - h**2 - j*h + 16388*h + 10. What is x(0)?
10
Let n(c) = 6*c**2 - c + 2. Let m be n(1). Let u(v) = v**2 + 3019*v + 0 + 0 - 7 - 3026*v. Determine u(m).
-7
Suppose 5*b - 14*b + 126 = 0. Let c(o) = -4 - o - 14*o**2 + b*o**2 - 6 - o**3 - 11*o**2. Calculate c(-11).
1
Let h(k) = -3*k + 47721 - 95525 + 47750. Give h(-22).
12
Let q be 73/(-4) + 7/28. Let i = -15 - q. Suppose -i*h - 49 = -4*b, -3*b + 0*b + 18 = 4*h. Let d(w) = w**3 - 9*w**2 - 11*w + 11. What is d(b)?
1
Let c(a) be the second derivative of 11*a**2 + 0 + 1/12*a**4 + 0*a**3 - 6*a. Let t be -17 + (10 - -7) + 0. What is c(t)?
22
Let h(g) be the first derivative of 13*g**4 + g**3/3 + g**2 + g + 7785. Give h(-1).
-52
Let f be (2/(-3))/(2/(-3)). Suppose -b + f = -y - 4, -6 = 3*y. Let c(k) = -4*k**2 - 2*k + 2*k**b + 39 - 67 + 32. Give c(3).
16
Suppose 0*i + 126 = 6*i. Suppose 0 = -2*q + 3*u + i + 2, -u = q + 1. Let v(d) = -10*d - 2. Calculate v(q).
-42
Let p(z) be the third derivative of z**7/840 - z**6/72 + z**5/40 + z**4/6 - 8*z**3 - 16*z**2 - z. Let h(b) be the first derivative of p(b). Calculate h(3).
-5
Let p(r) = 0*r - 27 - 17*r + 11*r. Let g be p(-4). Let j(c) = 2*c**2 + 3*c - 4. Calculate j(g).
5
Let i(s) = -6*s - 16. Let h(w) = 8*w + 17. Let k(z) = -2*h(z) - 3*i(z). Let f be k(-9). Let b(a) = 0*a**3 + 0*a**3 + 5 + 3*a - 3*a**2 - a**3. Determine b(f).
9
Suppose -118 = -k - 42. Let h = -81 + k. Let n(m) = m**2 + 5*m - 1. Calculate n(h).
-1
Let q(d) = -20*d**3 + 39*d**2 + 283*d + 104. Let g(k) = -3*k**3 + 6*k**2 + 42*k + 15. Let n(j) = -27*g(j) + 4*q(j). Calculate n(6).
-1
Let n be (32/12)/((-59)/413 - 11/21). Let l(x) = -10*x - 53. What is l(n)?
-13
Let r(d) = d**2 + 4*d - 3. Let n be (-12 - 4686/(-12))*(-1 - 1). Let w = n + 751. Determine r(w).
9
Let r(j) be the second derivative of j**8/6720 + j**7/420 + j**6/180 - j**4/4 - 4*j. Let o(i) be the third derivative of r(i). Let z = 327 - 332. Give o(z).
5
Suppose 211*r - 218*r = 21. Let h(q) = 8*q + 7. Calculate h(r).
-17
Suppose l + l - r = 0, 3*r - 18 = -3*l. Let h(f) be the first derivative of -2*f**3 + 2*f**2 - 2*f + 2844. Give h(l).
-18
Let p be -7 - (-2 + 0 - 0). Let l be (-2 - (-2 + p)) + 0. Let i(t) be the second derivative of -t**3/6 - t**2 + 8*t + 3. Give i(l).
-7
Suppose -46*t - 2 = -2*m - 41*t, -2*m = 5*t - 42. Let h(w) = -w**2 + 13*w - 24. What is h(m)?
-2
Suppose 3*l = -2*a - 3, 18 = a - 2*l - 3*l. Let o(t) be the first derivative of 2/3*t**3 + 2*t**2 + 120 - 1/4*t**4 - t. Give o(a).
2
Let v(n) = 1134 - 353 + n**2 - 367 - 381 + 11*n. Give v(-5).
3
Let x(m) = 2*m**3 + 10*m**2 + 9*m + 4. Let t be -1*1/(8*(-2)/(-64)). Determine x(t).
0
Suppose 4*u = 2*q - 3*q + 62, -38 = -3*u - 5*q. Let z(x) = -3 - 11*x - 3*x + u*x. Give z(-5).
-13
Let o(n) = n**3 - 35*n**2 + 41*n - 228. Let c be o(34). Let v(i) = -5*i + 4. What is v(c)?
-46
Let m(i) = 12*i - 21. Let z(p) = 2*p - 6. Let h(x) = m(x) - 5*z(x). Let u(a) = -a**2 + 3*a. Let n be u(5). Give h(n).
-11
Let l(w) = 15*w**3 + 6*w**2 - 12*w + 11. Let o(h) = 53*h**3 + 18*h**2 - 37*h + 37. Let n(v) = 7*l(v) - 2*o(v). What is n(6)?
-57
Suppose 194 = 36*f - 202. Let j be 4/(-42) + ((-650)/(-210) - f). Let h(r) = 2*r + 20. What is h(j)?
4
Suppose 0 = 4*j + 2*s + 10, -j = 6*s - 3*s + 15. Suppose -13*b = -j*b - 65. Let k(l) = l**2 - 5*l - 6. What is k(b)?
-6
Let p(n) = n**3 + n**2 + n + 1. Let u(j) = 5*j**3 + 14*j**2 + 5*j + 11. Let g(t) = 4*p(t) - u(t). Let i = -3563 - -3553. What is g(i)?
3
Let v(w) = w**3 - 5*w**2 + 5*w + 5. Let f be v(3). Let z(d) = -2*d + 5*d**f - 2*d**2 - 1 + 8*d**2 - 9*d**2. Calculate z(-3).
23
Let d(r) = 1. Let k(n) = -n + 5. Let l(h) = 5*d(h) - k(h). Let x be (-28)/(-140) - (-58)/10. Give l(x).
6
Let w(n) = -15*n. Let g(r) = 16*r + 13. Let t(j) = -3*g(j) - 4*w(j). What is t(6)?
33
Let k(d) = d**2 + 6*d - 15. Let h(i) be the second derivative of -i**4/4 - 19*i**3/6 + 43*i**2/2 - 55*i. Let m(n) = -4*h(n) - 11*k(n). Determine m(-11).
4
Let c(h) be the third derivative of h**7/840 - 7*h**6/360 - h**5/120 - h**4/6 - 11*h**3/3 + 67*h**2. Let u(y) be the first derivative of c(y). Give u(7).
-11
Let p(y) = -10*y - 31. Let k(w) = -6*w - 8. Let l(h) = 2*k(h) - p(h). Determine l(9).
-3
Let o(v) = v**2 + 21*v + 3. Let p be o(-21). Suppose 3*l = p*h + 3, -2*l + 5*h + 7 = 8*h. Let f(u) = -u**2 - l*u - 722 + 722. Determine f(-4).
-8
Let x = -33817 + 33826. Let o(b) = -b**2 + 4*b + 59. Calculate o(x).
14
Suppose -11 = -3*v + 2*b + 15, 0 = 5*v - 3*b - 42. Let o(x) = -7*x + 37. What is o(v)?
-5
Let a(k) = 8*k - 3*k - 6*k**2 - 14 - 2126*k**3 - 2137*k**3 + 4264*k**3. Give a(6).
16
Let l(w) = -3*w**2 - 4*w + 4. Let c(j) = j**2 - 8*j - 1. Let u(i) = c(i) + l(i). Give u(-10).
-77
Let q be 9/(-6) - 6/4. Let w(x) be the first derivative of x**3/6 + x**2 + 43*x - 22. Let y(i) be the first derivative of w(i). Determine y(q).
-1
Let q(i) = i + 11. Let v be (-21)/28*(-16)/(-7)*196/168. Determine q(v).
9
Let h(v) = 9*v**2 - v - 8. Let a(m) = -4*m**2 + m + 4. Let u(t) = -7*a(t) - 3*h(t). Let o = -6388 - -6394. What is u(o)?
8
Let g(d) = d**3 - 5*d**2 - 11*d. Suppose 420 - 530 = -17*r - 5*r. What is g(r)?
-55
Let l be 6/9 - (-24)/18. Suppose 3*n = -h + 15 + 5, 5*h + l = 2*n. Suppose 3*t = 6*t + n. Let i(o) = -o**3 + 2*o**2 + 2*o + 2. Calculate i(t).
14
Let o(y) = y**2 - 8*y + 2. Suppose -4664 = -28*x + 12976. Let z be 2/15 + 7/(x/618). What is o(z)?
-5
Let c(n) = -97*n - 27. Let b(y) = 193*y + 67. Let g(o) = 2*b(o) + 5*c(o). Determine g(1).
-100
Suppose 5*f = -4*c + 6*c + 35, -5*c = 5*f. Suppose 7 + 15 = 2*b. Suppose -f*m = -6*m - b. Let i(a) = a + 5. Give i(m).
-6
Let s(y) = -y**3 - 10*y**2 - 7*y + 13. Let m = 40 - 39. Suppose -j - w - 7 = -m, 2*w + 33 = -5*j. Let q be (j - 1) + -2 + 1. Calculate s(q).
-5
Let d = -53 - -60. Let m be -5*(-3)/15*(d + -3). Let a(h) = -h**3 + 3*h**2 + 3*h + 3. Calculate a(m).
-1
Let a(w) = 15*w + 23. Let f(z) = 2*z + 2. Let y(c) = a(c) - 3*f(c). Determine y(-3).
-10
Let t(y) = -y**2 - 7*y - 3. Let f(v) be the third derivative of -v**6/30 - v**4/24 + 1399*v**2. Suppose -4 = -3*p - p. Let o be f(p). Give t(o).
7
Let t(c) = 10*c**2 + 39*c - 6. Let v(g) = 10*g**2 + 32*g - 5. Let q(f) = -5*t(f) + 6*v(f). Let u(k) = k**2 - 10*k + 18. Let l be u(8). Calculate q(l).
34
Let x(a) = -a + 12. Let c = -64 - -72. Suppose -10*j - 14 = -c*j. Let i be 1/j + 18/126. Calculate x(i).
12
Let y(t) = -76*t**3 + 70*t**2 + 57*t + 34. Let n(u) = -35*u**3 + 34*u**2 + 28*u + 17. Let a(p) = -13*n(p) + 6*y(p). Calculate a(-21).
4
Let k(s) = -s**2 + s. Suppose 4*f - 19 = -5*g, -3*f = 2*g - 0*f - 2. Suppose -19 = -g*l + 37. Suppose l*i = 12*i + 8. Give k(i).
-6
Let u(d) = d**3 - 2*d**2 - 13*d - 6. Suppose 36*v - 81 - 49 = 50. What is u(v)?
4
Let u(v) be the first derivative of 0*v**3 + 312 + 1/2*v**2 - v + 13/2*v**4. Determine u(1).
26
Let h(m) = 0*m**2 + 2*m + 0 - 8*m + m**2 - 3. Let x(i) be the third derivative of i**5/30 + 2*i**4/3 - 11*i**3/6 + 35*i**2. Let b be x(-9). Give h(b).
4
Let u(b) = -b**2 + 0*b**2 + 56*b + 0*b**2 + 3*b**2 - 12*b + 3. What is u(-22)?
3
Let i(n) = 9*n + 5. Let u(a) = a - 1. Let k(y) = -i(y) - 6*u(y). Suppose 17 = 8*l + 9*l. Determine k(l).
-14
Let l(h) = -84*h + 85*h - 10 - h**3 + 6*h**2 + 1. Let m(i) = -i**2 + 2*i - 1. Let q(b) = -l(b) + 4*m(b). Determine q(9).
-13
Let g(u) = 2*u - 34. Suppose 7*d = 9*d - 38. Let x be g(d). Let z be (-1)/(2/x - 0). Let c(v) = -3*v**2 + 1. Calculate c(z).
-11
Let w(q) = 7*q + 665*q**2 - 664*q**2 - 264 + 265. Determine w(-6).
-5
Let i be (1 - -1) + -5*(-30)/(-25). Let h be 25 + 4 + i - 1/1. Let j(u) = 6*u - h*u + 8*u + 9*u. What is j(11)?
-11
Suppose 7*a - 1960 + 1904 = 0. Let q(n) = n**2 - 8*n - 4. Give q(a).
-4
Suppose 3*a - 1502 = -4*w - 1490, 3*a - 15 = -5*w. Let n(p) = -p**2 + 6*p - 13. What is n(w)?
-4
Let p(o) = 12*o + 284. Suppose -48 = -15*r - 257 - 151. Determine p(r).
-4
Let i(w) = w**3 - 12*w**2 + 13*w - 19. Suppose 32*o - 33 = 33*o + 11*x, -4*x + 28 = 4*o. What is i(o)?
3
Let u(d) = -d**3 - 6*d**2 + 4*d. Let i(q) be the second derivative of -q**5/20 + q**4/6 - q**3/6 - 6*q + 1. Let h(j) = -3*i(j) - u(j). Determine h(-1).
-3
Let t(i) = 5*i**3 + 16*i**2 - 32*i**2 + 15*i**2 + 1. Let a be 2/8 - (95/(-20) - -5). Let p be ((5 + 